68.
17
Let n = -174 - -186. Suppose s = 4*s - 252. Calculate the highest common factor of n and s.
12
Suppose -5*j + 7 = -m, -3*m + j + 7 = -0*j. Suppose 2*b + 2*b = 0, 30 = m*t + 2*b. What is the greatest common divisor of 2 and t?
2
Let n = -227 + 325. Let z = 12 - -2. What is the highest common factor of n and z?
14
Let p be (-2)/(-1) - -8 - 0. What is the greatest common divisor of p and 90?
10
Let k be -85*1*(-1 + 0). Suppose -41 = -2*b + 27. What is the highest common factor of k and b?
17
Let z = 1 - 0. Let h be 5/(-5) - -51*z. Let j = -14 + 34. What is the greatest common divisor of j and h?
10
Let d be 14/(28/(-15) - -2). What is the highest common divisor of d and 21?
21
Suppose 10 = p + h - 2, -5*h + 32 = 3*p. Calculate the highest common divisor of p and 14.
14
Let s be (-18)/((-1)/(2/3)). Suppose -49*n + 26*n + 92 = 0. What is the highest common divisor of n and s?
4
Let j = 56 - 38. Calculate the greatest common factor of j and 48.
6
Suppose 4*s - 4 + 0 = 0. What is the highest common factor of 9 and s?
1
Let j = 24 + -17. Suppose -3*f = -j*f - 12. Let w be f/9*0 + 63. What is the highest common factor of 9 and w?
9
Let j(f) = -f**3 - 7*f**2 - 9*f - 9. Let n be j(-6). Let p be -5 - -2 - (-4 - 53). What is the greatest common divisor of n and p?
9
Suppose 2*u + u - 71 = -2*l, 0 = l - u - 43. What is the highest common divisor of 16 and l?
8
Suppose -5*q = 3*n + 2*n - 50, 0 = -3*n + 3*q + 36. Let j = 1 + n. What is the greatest common factor of j and 24?
12
Let s = 38 + -17. What is the greatest common factor of 63 and s?
21
Let a(v) = -124*v - 3. Let j be a(-1). Calculate the greatest common factor of 11 and j.
11
Let z(n) = n**2 + 6*n + 4. Suppose -5 = 4*a + 4*w + 3, 4*w = a + 22. Let s be z(a). Suppose s*i - 24 = -0. Calculate the highest common factor of i and 30.
6
Let q = 8 - -68. Calculate the greatest common factor of 19 and q.
19
Let r be -40 - -5*(-4)/10. Let y be 28/r*(-180)/1. Let v(m) = -m**3 + 8*m**2 - 4*m - 6. Let x be v(7). What is the highest common divisor of x and y?
15
Let o be (-3 + 2)*-1 - -6. Calculate the greatest common factor of 56 and o.
7
Suppose -5*h = k - 2*k - 35, 5*h = -k + 35. Let d = 44 - 23. Calculate the greatest common factor of h and d.
7
Suppose 5*b + 77 = -18. Let f = -16 - b. What is the greatest common divisor of 21 and f?
3
Let m(s) = s**3 - 17*s**2 + 16*s + 8. Let r be m(16). Calculate the highest common divisor of r and 56.
8
Let x(j) be the second derivative of -j + 0 + 1/6*j**4 + 1/20*j**5 - 3*j**2 + 5/6*j**3. Let c be x(4). What is the highest common divisor of c and 10?
10
Let v be (-1 + (-9)/(-2))*26. Let b = 39 + -26. Calculate the highest common factor of b and v.
13
Let a(d) = -d**2 - 8*d + 4. Let w be a(-5). Let x = w - 12. Calculate the greatest common factor of 42 and x.
7
Let g(b) = 106*b**3 - 1. Let t be g(1). Let j(z) = 16*z**2 + 3*z - 4. Let u be j(1). Calculate the highest common factor of t and u.
15
Let p(z) = 3 - z**2 + 2*z - 3 - z**3. Let s be p(-5). Let y be (-60)/(-6) - 0/(-1). What is the greatest common divisor of s and y?
10
Suppose -y + 3 - 1 = 0. Suppose -n + 7 = y*x, 3*n + 2*x - 11 = x. Let f be n/(-12) - (-98)/8. Calculate the greatest common factor of 60 and f.
12
Suppose 0 = 16*o - 25*o + 1575. What is the greatest common divisor of o and 25?
25
Let r(b) = 5*b**3. Suppose 9 = 2*t + 3, 9 = -s + 4*t. Suppose -h + 8 = s*h. Let m be r(h). What is the greatest common factor of 16 and m?
8
Let s = -12 + -8. Let t be ((-8)/s)/(2/50). Calculate the greatest common divisor of 70 and t.
10
Suppose -3*j = -3*c - 30, 5*j = 3*c + 47 + 7. Suppose -2 = 2*m - j. Suppose -4*s + 2 + 38 = 0. Calculate the highest common factor of m and s.
5
Let i = -176 - -270. Calculate the greatest common divisor of 47 and i.
47
Suppose 0*i + 26 = 2*i. Let j be 5 + (-2 - 2/(-2)). Suppose -2*g + 34 = j*t, -3*g - 3*t + 35 = -5*t. What is the highest common factor of i and g?
13
Let l be (12/14)/((-3)/(-21)). Let h(a) = a**3 - 5*a**2 - 3*a - 8. Let u be h(l). Suppose -35 = -5*b - u. Calculate the highest common divisor of b and 25.
5
Let i(j) = 12*j - 3. Let w = 15 - 11. Let u be i(w). Calculate the highest common factor of u and 5.
5
Suppose -5*m + 3*y = 6, 3*y = 4*m + y + 4. Suppose -5*j + 35 = -m*j. Calculate the greatest common factor of 35 and j.
7
Let g be 12*(3 - 10/6). Suppose 0 = -2*d - 4*v - g, 25 = -d + 4*v + 5. Let f = -6 - d. Calculate the highest common divisor of 18 and f.
6
Suppose 0 = 2*c - 71 - 79. Calculate the highest common divisor of c and 30.
15
Let a be 0 + 23 + (-4)/((-28)/(-7)). Calculate the highest common factor of a and 55.
11
Suppose 3*d + 4*a = 66, 0*a = -3*d + 3*a + 45. What is the greatest common divisor of d and 9?
9
Suppose 61 = 6*d - 35. Calculate the highest common factor of d and 80.
16
Suppose 3*k + 5 - 2 = 0. Let m be 2 - (20 + -2 + k). Let r = m + 85. What is the greatest common factor of r and 10?
10
Suppose -5*g - 1 = -11. Let l(y) = -y + 2*y**2 - 4 + 0*y**g - y**2. Let w be l(-3). Calculate the greatest common factor of w and 8.
8
Let z be 3 + 12/(-1) + 3. Let a = 10 - z. Calculate the greatest common divisor of 96 and a.
16
Suppose 5*r = -3*j - 2*j, j - 3 = -2*r. Suppose n = r*n. Suppose 4*q - 5 - 51 = n. Calculate the highest common divisor of 112 and q.
14
Let b be (18 - -6)*(-1)/(2 + -4). Calculate the greatest common factor of b and 8.
4
Suppose -z = s + 2, 3*z = -4*s - 2 - 8. Calculate the highest common factor of z and 4.
2
Suppose 32 = 2*g - 16. Suppose q + 56 = 3*q - 4*p, -p + 31 = 2*q. Let t be (-6)/(-12)*q*4. Calculate the greatest common factor of g and t.
12
Suppose 1 = i - 7. What is the greatest common divisor of i and 40?
8
Suppose -22 - 30 = -2*l. Suppose 6*w = 2*w + 3*k + 30, l = 2*w + 4*k. What is the highest common factor of 81 and w?
9
Let x be 306/(-5)*(55/(-22))/1. What is the greatest common divisor of x and 9?
9
Let t(n) = -n**3 + 10*n**2 - n + 2. Let r be t(10). Let z(m) = -m**3 - 9*m**2 - 9*m - 1. Let x be z(r). Calculate the greatest common factor of 7 and x.
7
Suppose 44 = 3*p - 55. Let a(j) = 10*j**2 + 1. Let q be a(1). Calculate the highest common divisor of q and p.
11
Suppose 4*q - 64 = -4*m, -m - 27 = -3*m + 3*q. Suppose -6*b + 388 = -2*b. Let o = b + -52. Calculate the greatest common factor of m and o.
15
Suppose 2*a - 24 - 854 = -4*x, 5*x = -4*a + 1096. What is the greatest common divisor of x and 20?
20
Suppose 0*o + 110 = o. Let y(j) = -j**2 + 7*j - 2. Suppose x + 0*x = 4. Let n be y(x). Calculate the highest common factor of o and n.
10
Let r = 6 - -143. Suppose w - c - r = 0, w = -4*c + 81 + 43. Calculate the greatest common factor of w and 16.
16
Let i(b) = -9*b - 9. Suppose 0 = -4*p - 11 - 5. Let x be i(p). Calculate the highest common divisor of 27 and x.
27
Let q(a) = -4*a**2 - 6*a - 4. Let c(g) = -g**2. Let r(t) = 5*c(t) - q(t). Suppose -3 - 27 = -5*v. Let z be r(v). What is the highest common divisor of 4 and z?
4
Suppose -3*x + 10 + 23 = 0. Let h be (-4)/(-6) + (-64)/(-3). Calculate the highest common divisor of h and x.
11
Let u be (-1276)/87*(-30)/4. What is the greatest common divisor of u and 10?
10
Suppose 0 = -3*w + 7*w - 12. What is the highest common divisor of 27 and w?
3
Suppose 19*b - 256 = 67. What is the greatest common factor of b and 34?
17
Suppose g = 1 - 0. Let t be (4 - g)*(-4)/(-3). What is the greatest common divisor of t and 28?
4
Let z be (0 + 1)*(-3 - 50). Let f = z - -89. What is the highest common factor of f and 12?
12
Let p be 95/20 + 2/8. Suppose 4*o - p*z = 160, 120 = 3*o + 7*z - 4*z. Calculate the greatest common factor of 8 and o.
8
Suppose -5*j + 0 + 5 = 5*i, -i = -j + 3. Suppose 0 = -r + 2*r + j*k + 1, 4*r - 14 = -2*k. Calculate the highest common divisor of r and 55.
5
Let d = 15 - 6. What is the greatest common factor of 153 and d?
9
Suppose 2*j + j + 3 = -2*y, 2*y - 3*j = 3. Let h be -1 - (-1 - (5 + y)). Suppose 0 = -0*p + h*p - 30. What is the greatest common factor of p and 6?
6
Let s = 42 + -24. Let n = 24 - 12. Let i be (-1)/(n/81)*-8. What is the greatest common divisor of i and s?
18
Let s = -2 - -3. Let b(p) = p**3 + 10*p**2 + 7*p - 12. Let m be b(-9). What is the greatest common factor of m and s?
1
Let c be 6/(-33) - 885/33. Let f = c - -71. Calculate th